1764
In base 14, what is 6b390 + 164?
6b514
In base 11, what is 214276792 + 5?
214276797
In base 15, what is 124943 - 68?
1248ca
In base 8, what is -4 + -427120333?
-427120337
In base 4, what is 232013310 - 0?
232013310
In base 12, what is 4b596 - b0?
4b4a6
In base 13, what is 247b3 - -9?
247bc
In base 6, what is 1521002240 - 5?
1521002231
In base 8, what is 2477202 - -34?
2477236
In base 14, what is -4 - -23173dc?
23173d8
In base 14, what is -aab - -3d775?
3caa8
In base 6, what is -4 - 53313244?
-53313252
In base 15, what is 0 + -a1c392?
-a1c392
In base 5, what is -300244122114 - -2?
-300244122112
In base 10, what is -2 + -2271271?
-2271273
In base 13, what is -82 + -231720?
-2317a2
In base 10, what is -187143 - 806?
-187949
In base 16, what is -5 - -3f0442e?
3f04429
In base 15, what is 2e5831 + 2?
2e5833
In base 2, what is 100 - 101101011000101001100?
-101101011000101001000
In base 6, what is 534 + -32035522?
-32034544
In base 12, what is 19 + -70b2a8?
-70b28b
In base 9, what is 118 + -806674?
-806555
In base 4, what is 10330231113113 + 12?
10330231113131
In base 3, what is -10000101202200 + -21?
-10000101202221
In base 10, what is -290950 - 60?
-291010
In base 6, what is -1334050442 - -43?
-1334050355
In base 2, what is -10001110001000000001010011 + 1000?
-10001110001000000001001011
In base 11, what is 2 - -321130a?
3211311
In base 13, what is 1031b4ccb - 0?
1031b4ccb
In base 9, what is -43575216 - 3?
-43575220
In base 7, what is 324 - 1223554?
-1223230
In base 14, what is -4b5 + 22a16?
22541
In base 6, what is -132402 - 4450?
-141252
In base 8, what is 6031361 - 55?
6031304
In base 16, what is -371d0 + -1d?
-371ed
In base 16, what is 16 + 5fd9b?
5fdb1
In base 11, what is 2 + 19651a3?
19651a5
In base 8, what is -16205502 - -5?
-16205475
In base 10, what is 23129 - -15956?
39085
In base 2, what is -10111011100 + -1011101000101110?
-1100000000001010
In base 7, what is -55626004 + -61?
-55626065
In base 13, what is -2059 - -773?
-15b6
In base 13, what is -2 - -4b9893?
4b9891
In base 11, what is -1 + 12188501?
12188500
In base 6, what is -305015 - 244?
-305303
In base 16, what is 8d9c9 + a?
8d9d3
In base 8, what is 17 - 47133347?
-47133330
In base 2, what is -110010001100001011011 - 1010?
-110010001100001100101
In base 7, what is 40512 + 1556?
42401
In base 4, what is 12331011000 - -23?
12331011023
In base 14, what is -1782 + -337c?
-4b20
In base 10, what is -279697 + 6?
-279691
In base 14, what is 16c - -bda?
d68
In base 14, what is 106112bc + -2?
106112ba
In base 6, what is -3 - -114420424?
114420421
In base 2, what is 1000101001100011000000 - -111011?
1000101001100011111011
In base 13, what is -20 - 1b51b6?
-1b5206
In base 4, what is -111011333011 - 10?
-111011333021
In base 4, what is -211 - 11021201203?
-11021202020
In base 8, what is -102545467 - -4?
-102545463
In base 8, what is -1602015 - -21?
-1601774
In base 4, what is 133023001020 - 2?
133023001012
In base 8, what is -2255 + 126055?
123600
In base 12, what is -4a76 + -60a3?
-ab59
In base 14, what is 5 - 3aa968?
-3aa963
In base 10, what is 40080 - 4?
40076
In base 14, what is 31 - 32146?
-32115
In base 16, what is -7a54742 - 0?
-7a54742
In base 10, what is -75 - 45698?
-45773
In base 13, what is 3 - ab369?
-ab366
In base 3, what is -1102001100120 - 1101?
-1102001101221
In base 14, what is 0 - -1105c1a?
1105c1a
In base 13, what is -2518071 - -2?
-251806c
In base 4, what is 11 + 323021301033?
323021301110
In base 15, what is 5 - 64e614?
-64e60e
In base 7, what is -123534 - -256?
-123245
In base 9, what is 13031640 + 126?
13031766
In base 9, what is 5 + 57873216?
57873222
In base 13, what is 1076b4957 + -3?
1076b4954
In base 3, what is 10021201 + -111212101211?
-111202010010
In base 2, what is 11001001011101 + 11100010?
11001100111111
In base 8, what is -364615 + 726?
-363667
In base 8, what is 1005152 + -343?
1004607
In base 16, what is 209f + c?
20ab
In base 15, what is 57d1576 - 1?
57d1575
In base 2, what is -10011010101000110 + 11000010?
-10011010010000100
In base 8, what is -1 + 20013154?
20013153
In base 8, what is 43153135 + 5?
43153142
In base 12, what is -597b - 1317?
-7096
In base 15, what is 0 + 2d35335?
2d35335
In base 7, what is -13346461 + -25?
-13346516
In base 7, what is 0 - -20414611?
20414611
In base 12, what is -1 + 2325638?
2325637
In base 2, what is -11 - -1100011100100101011111?
1100011100100101011100
In base 6, what is -40 + 221450533?
221450453
In base 15, what is ca5d - 39?
ca24
In base 13, what is -498a4 - -4?
-498a0
In base 4, what is -21133 + -232312?
-320111
In base 14, what is 6590 + -335?
6259
In base 5, what is 10040140 - -11341?
10102031
In base 16, what is -3560a + -8?
-35612
In base 2, what is 1000010100000111 + -110110100?
1000001101010011
In base 9, what is 222166 - 1?
222165
In base 7, what is -2200 - 414446?
-416646
In base 11, what is 25a984 + -11?
25a973
In base 4, what is 122110030232 + -100?
122110030132
In base 11, what is 54585054 - -4?
54585058
In base 14, what is 7 + 4a8429?
4a8432
In base 14, what is -1a81 - -988a?
7c09
In base 9, what is 516 + -3133676?
-3133160
In base 11, what is 1 + -1a815a4?
-1a815a3
In base 11, what is 254a - -6524?
8a73
In base 4, what is -322311 + 21231213?
20302302
In base 2, what is 101110001000100000101 - 1000?
101110001000011111101
In base 6, what is 44322 + 22443?
111205
In base 7, what is 4406 - -601524?
606233
In base 9, what is 5288 + 5518?
11817
In base 4, what is -300311302310 - -10?
-300311302300
In base 3, what is 211212010010 + 1022112?
211220102122
In base 2, what is -100001101010110101000 + 1?
-100001101010110100111
In base 16, what is 518d01 - 4?
518cfd
In base 11, what is 1072 + 888?
194a
In base 10, what is -733143906 + 2?
-733143904
In base 12, what is -22b97 + -1691?
-24668
In base 14, what is ac1d5 + 169?
ac360
In base 5, what is -1231413321 + -22?
-1231413343
In base 13, what is -20 - 34411?
-34431
In base 7, what is -42653053 - 0?
-42653053
In base 12, what is -119367b7 - -23?
-11936794
In base 11, what is -4 + -13647859?
-13647862
In base 15, what is -8 + 8eba15?
8eba0c
In base 4, what is -10 + -30130032111?
-30130032121
In base 6, what is -1034051 + -1054?
-1035145
In base 9, what is 270 - -61376?
61656
In base 11, what is 871049 + 14?
871062
In base 4, what is 11223 - -13230110?
13301333
In base 6, what is -1123 - -52312553?
52311430
In base 9, what is 3 + -126332046?
-126332043
In base 3, what is -22001 - -22220200001?
22220101000
In base 5, what is 2143101 + 1014433?
3213034
In base 4, what is -333001300201 + 20?
-333001300121
In base 16, what is -81e1e99 + 3?
-81e1e96
In base 14, what is 2dc4730 - -5?
2dc4735
In base 2, what is 10 - 1110001010000000?
-1110001001111110
In base 8, what is -4 - -35450032?
35450026
In base 9, what is 74452 - -17130?
102582
In base 15, what is -e4b - 18446?
-19392
In base 8, what is 6 + 7163450?
7163456
In base 13, what is -c36 - -190ca?
18194
In base 15, what is 6 - -894646?
89464c
In base 8, what is -32 + -1022133?
-1022165
In base 16, what is -20 + 343fde?
343fbe
In base 5, what is 4220141403 + 42?
4220142000
In base 11, what is -4 + 13118410?
13118407
In base 5, what is 31333210 - 140?
31333020
In base 15, what is 2750 - -2093?
47e3
In base 14, what is 19a - -20898?
20a54
In base 7, what is 1624 - -1504333?
1506260
In base 15, what is 3b8a - 9?
3b81
In base 4, what is -31002 + 110021030?
103330022
In base 7, what is 11133562 - 45?
11133514
In base 5, what is -3 + 2234134100?
2234134042
In base 13, what is 55c06b1 - -5?
55c06b6
In base 7, what is 506 + 15120465?
15121304
In base 5, what is -104 + 1214042400?
1214042241
In base 5, what is 2102 - -1011332?
1013434
In base 13, what is -1137 + 45bcb?
44a94
In base 7, what is -1 + 1134665?
1134664
In base 16, what is 4 + -56731d?
-567319
In base 8, what is 2755 - -73522?
76477
In base 9, what is 74120 - -47?
74167
In base 13, what is 15 - 18b3b1?
-18b399
In base 16, what is dd9 - -c47?
1a20
In base 14, what is -16 + 16639?
16623
In base 15, what is 4 + 21410b7?
21410bb
In base 3, what is 20021202 - 2001012222?
-1210221020
In base 3, what is -21010211101112 - -102?
-21010211101010
In base 8, what is -14717462 + 3?
-14717457
In base 5, what is 10 + 103231123?
103231133
In base 16, what is -1 - -5bb8c?
5bb8b
